factors of m(q).
2
Let q(d) = -32*d + 73. Let s be q(18). Let v = s - -602. What are the prime factors of v?
3, 11
Suppose 0 = -12*f + 17*f + 5. Let c(k) = -480*k - 1. What are the prime factors of c(f)?
479
Suppose -v = -125*v + 126108. What are the prime factors of v?
3, 113
Let p = 83378 + -49722. What are the prime factors of p?
2, 7, 601
Let r(a) = 15*a**2 + 109*a - 580. List the prime factors of r(6).
2, 307
Let g(j) = -j**2 - 8*j + 24. Let v be g(-10). Suppose t = v*u - 4, 3*u + 10 = 2*t + 2*t. Suppose -t*f = -f - 318. List the prime factors of f.
2, 53
Let h = -519 - -522. Suppose -p = k - 1094, -3*p + h*k + 1970 = -1300. What are the prime factors of p?
2, 3, 7, 13
Suppose -41154 - 75431 = -4*l + 3*s, 5*l + 2*s = 145691. List the prime factors of l.
7, 23, 181
Suppose 5*x + 4*o = 71, x - 5*o - 26 = -6. Suppose -2*n - t = -5*n - 426, x = -5*t. Let a = -47 - n. What are the prime factors of a?
2, 3
Let o(y) = y**2 - y - 16. Suppose -16 = -4*w - j, -j = -3*w - 2*j + 12. Let s be o(w). What are the prime factors of -3 + 1 + s*-2*6?
2, 23
Let h = 14 + -65. Let b = -48 - h. What are the prime factors of 14/(-4)*-1*(9 - b)?
3, 7
Suppose -479 = 2*b - 7927. Suppose -b = -4*z + 5*w, 3*w = -2*w. What are the prime factors of z?
7, 19
Let f(b) = b + 3. Let x be f(-1). Let j(c) = -94*c**2 + 96*c**x + 3 + 0*c - 6*c + c**3. What are the prime factors of j(4)?
3, 5
Suppose -3*v = 4*n - 203657, 532347 - 192914 = 5*v + 2*n. List the prime factors of v.
3, 19, 397
Let y(q) = 7*q - 2*q + 4*q**2 + 8 + 19*q**2. Suppose -9*f - 4*p = -7*f, -2*p - 6 = 4*f. What are the prime factors of y(f)?
2, 3, 5
Suppose -181332 = -13*f - 23*f. List the prime factors of f.
3, 23, 73
Suppose -a + 4*a = 60. Suppose -6*o + a = -10*o. List the prime factors of (2 - -72) + (-20)/o.
2, 3, 13
Let i be -11 - -5 - (1 + -10). Suppose 23*t = 19*t + 3*j + 1042, 0 = 4*t + i*j - 1054. What are the prime factors of t?
2, 131
Let z(a) = a**3 - 8*a**2 - 20*a + 5. Let d be z(10). Suppose d*q + q = 36. Suppose -37 = -4*c + t, q*t = 2*t - 4. What are the prime factors of c?
3
Let j(w) = 3*w - 27. Let s be j(8). Let l(c) = -5*c**3 - 4*c**2 + c + 2. Let k be l(s). Suppose -6*d + 8*d = k. What are the prime factors of d?
7
Let o(q) = q**2 + 94*q + 1309. Let j be o(-17). Let s(g) = g**3 + 5*g + 130. Let x(y) = y - 1. Let h(v) = s(v) - 3*x(v). List the prime factors of h(j).
7, 19
Let q = 211 - -396. Let g = q + 200. Suppose g = -22*j + 25*j. List the prime factors of j.
269
Let o = 1 - -4. Let j be (o + -12)/((-2 - -2) + -1). Let s = 11 + j. What are the prime factors of s?
2, 3
Suppose 24*g - 901 = -29*g. List the prime factors of (6 - (g + -7)) + 972.
2, 11
Suppose -13*r + 11*r + 227018 = 4*q, 0 = 11*q + 4*r - 624295. List the prime factors of q.
19, 29, 103
Let y(v) be the second derivative of v**4/12 - v**3/3 - 17*v**2 - 4*v + 19. List the prime factors of y(-23).
541
Let d = 105 - 100. Suppose -90 = 2*u - 0*u + 5*b, d*b = 3*u + 110. Let o = 153 - u. List the prime factors of o.
193
Suppose -2*x + 22999 + 5737 = 4*a, 21574 = 3*a - 4*x. List the prime factors of a.
2, 3593
Suppose 2*h - 5*h + 3*b = -189, -5*h - 4*b + 342 = 0. Let l = h + 22. What are the prime factors of l?
2, 11
Suppose -12*y + 15*y - 42114 = -3*f, 5*f = -y + 14042. List the prime factors of y.
3, 4679
Suppose -111*t + 1281569 + 2484661 = 0. What are the prime factors of t?
2, 3, 5, 13, 29
Let s be 0 - (1 - 4 - (1 + -1)). Suppose c = s, -220 + 85 = -4*w + 3*c. What are the prime factors of (-7182)/(-30) + (w/(-20))/(-3)?
2, 3, 5
List the prime factors of 1/(21/13518)*(25 + -4).
2, 3, 751
What are the prime factors of (795/(-6))/(70/12 - (-26 - -32))?
3, 5, 53
Let q = 245 + -153. Suppose q*n = 96*n - 84. What are the prime factors of n?
3, 7
Suppose 0 = 3*u - 0*s + 5*s + 26196, -43629 = 5*u - 2*s. Let d be 6/(-51) + u/(-51) - -2. Let k = d + -110. What are the prime factors of k?
3, 7
Suppose -10052 = 5*k - 9*k. Suppose 10*d - k = 947. What are the prime factors of d?
2, 173
Let n(o) = -15*o**3 - 16*o**2 - 14*o + 94. List the prime factors of n(-11).
7, 373
Suppose 6*t - 3*s = 480537, 2*s - 105860 = -4*t + 214502. What are the prime factors of t?
2, 5, 8009
Suppose -18*u = 33*u - 317985. Suppose -461 - u = -8*i. List the prime factors of i.
3, 31
Let v(b) = -46*b + 134. Suppose 0 = x - 3*a + 16, 4 = -3*x + 2*x - a. What are the prime factors of v(x)?
2, 3, 19
Let n(r) = 2980*r + 1191. List the prime factors of n(5).
16091
Let c = -390582 + 751546. What are the prime factors of (-4)/54 + c/1107?
2, 163
Let w(i) = -4*i - 5. Suppose 3*k - 3*m = -69, -2*k + m = 36 + 6. Let p be 4/48*9 - k/(-4). What are the prime factors of w(p)?
11
Suppose 0 = -5*h - u + 58257, h + 764*u - 11647 = 766*u. List the prime factors of h.
61, 191
Suppose 5*y - 40 = -5*i, -4*y - i = -6*y + 4. Let c(o) = 10*o + 80. Let m be c(-15). Let z = y - m. List the prime factors of z.
2, 37
Suppose 103*r - 1560516 = 2931520. What are the prime factors of r?
2, 10903
Suppose a - 5747 = -3*v, 22120 + 6663 = 5*a - v. What are the prime factors of a?
2, 1439
Suppose 9*v - v = v. Suppose v = 3*z - 5*k - 14, 2*k = -z - z + 4. Suppose -z*g + 58 = -101. List the prime factors of g.
53
Suppose 0 = 75*y - 83*y. Suppose o + 63 = c - 1725, y = -4*o + 20. List the prime factors of c.
11, 163
Suppose -2*y - 14 = -28. Suppose 0 = -3*c - 1 + y. Suppose 2*d + c*h - 68 = -2*h, -3*h + 9 = 0. List the prime factors of d.
2, 7
Let y(o) = 4*o**2 + 4*o - 13. Suppose v = 9*v + 32. What are the prime factors of y(v)?
5, 7
Let y(a) = 743*a - 892. What are the prime factors of y(9)?
5, 19, 61
Let j(d) = -7*d - 12. Let q be j(-6). Let o = q + -25. Suppose 112 + 189 = 4*u - o*v, 4*v + 4 = 0. What are the prime factors of u?
2, 37
Let l be -918 - (20/(-25))/(2/5). Let q = -476 - l. List the prime factors of q.
2, 5, 11
What are the prime factors of (-80)/(-154 + 160 + ((-1241)/177 - -1))?
2, 3, 5, 59
Let u = 157 + -152. Suppose -371 = -u*c + 274. List the prime factors of c.
3, 43
Let n = -22 + 25. Let v be -15*(1 - (-20 + (2 - n))). List the prime factors of (16/(-12))/(4/v).
2, 5, 11
Let k = 3161 - 754. What are the prime factors of k?
29, 83
Let o = 222 + -215. List the prime factors of ((-4991)/(-3))/o + 3/9.
2, 7, 17
Suppose 0 = -16*m - 0*m - 14304. Let f = m - -2004. What are the prime factors of f?
2, 3, 5, 37
Let h = 340 - 338. Suppose 5*x + 3*o - 253 = 0, h*x - 4*o - 71 = 51. List the prime factors of x.
53
Let z = 79990 - 22928. List the prime factors of z.
2, 103, 277
Let h(q) = 8*q**3 - 3*q**2 - 2*q - 1. Let w be h(3). Let f = 629 + -720. Let b = w + f. List the prime factors of b.
7, 13
Let a = 3557 + 63440. What are the prime factors of a?
7, 17, 563
Let y = 3108 + 1446. List the prime factors of y.
2, 3, 11, 23
Suppose -8*m + 114605 = -284595. List the prime factors of m.
2, 5, 499
List the prime factors of (-19)/((3/4737)/(-1)).
19, 1579
Suppose -s + 55 = 51. Suppose 0 = -3*u + h + 2220, -3*u + s*h + 2413 = 184. What are the prime factors of u?
739
Suppose 3*r - 372 = 1812. Let i = r - 41. What are the prime factors of i?
3, 229
Suppose 128630 = 17*o + 41*o - 39*o. What are the prime factors of o?
2, 5, 677
Let j(y) = 10*y**3 - 91*y**2 + 948*y + 38. What are the prime factors of j(10)?
2, 5209
Let o = -9033 + 16009. List the prime factors of o.
2, 109
Let t(i) = i**3 + 56*i**2 + 181*i + 525. What are the prime factors of t(-45)?
3, 5, 977
Suppose -5*y + 25 = -3*k, -8*y - 2*k = -4*y - 42. Suppose 0 = -3*z + y*z - 1645. List the prime factors of z.
7, 47
Let m(j) = 460*j**2 + 1. Let p be m(1). Let r = p - 161. Suppose -2*o = 3*h - 340, -2*h + r = o + 74. What are the prime factors of h?
2, 7
Suppose -11*c = -245 + 960. List the prime factors of (-7618)/c + 11 - (-2)/(-10).
2
Suppose -2*m + 4*c = -5 - 11, 5*m = 5*c + 25. Let k be (-1)/((m/(-4))/((-5)/(-2))). Let d(x) = 2*x**2 + 2*x + 7. What are the prime factors of d(k)?
67
Suppose -3*x - 12 = -0*k - 4*k, k = -4*x - 16. Let q(g) = g**3 - 2*g**2 + g + 353. List the prime factors of q(k).
353
Suppose 59*h - 42*h = 2193. What are the prime factors of (60372/h)/((2*1)/2)?
2, 3, 13
Suppose 5*j - 5 = 3*d, 3*j - d - 2 - 5 = 0. Suppose 0 - 12 = -j*h. What are the prime factors of h/(4/((-72)/15) - -1)?
2, 3
Suppose 0*i + i = 3*v - 4